ommon divisor of 1056 and 2948.
44
What is the highest common factor of 1248 and 368264?
104
What is the greatest common divisor of 13635 and 945?
135
What is the greatest common factor of 50 and 11030?
10
What is the highest common factor of 1065 and 117789?
213
Calculate the greatest common divisor of 3300 and 1787775.
825
Calculate the greatest common divisor of 26916 and 792.
12
What is the highest common divisor of 1236 and 53436?
12
What is the greatest common divisor of 6145 and 285?
5
Calculate the greatest common factor of 39913 and 2004.
167
What is the greatest common factor of 11955 and 1995?
15
What is the greatest common factor of 56 and 7584?
8
What is the greatest common divisor of 3 and 19683?
3
Calculate the highest common divisor of 1036 and 740.
148
Calculate the highest common divisor of 4502568 and 112.
56
What is the greatest common factor of 2538416 and 2832?
944
What is the highest common divisor of 161 and 176479?
23
What is the highest common factor of 4144 and 6440?
56
Calculate the greatest common factor of 4155 and 270.
15
Calculate the greatest common divisor of 44 and 1044824.
44
Calculate the greatest common divisor of 1575 and 238959.
63
What is the greatest common factor of 1340 and 116044?
268
Calculate the highest common divisor of 1656 and 63848.
184
What is the greatest common factor of 1910 and 2955?
5
What is the highest common divisor of 4672 and 96?
32
Calculate the greatest common factor of 387 and 882.
9
Calculate the highest common divisor of 32791 and 1089.
121
What is the greatest common factor of 4163 and 3473?
23
What is the highest common divisor of 5400 and 333?
9
Calculate the greatest common factor of 6023 and 38.
19
What is the greatest common factor of 288 and 11358?
18
What is the highest common divisor of 89 and 43699?
89
Calculate the greatest common factor of 75 and 176610.
15
Calculate the highest common divisor of 3607653 and 84.
21
Calculate the highest common factor of 9850386 and 546.
546
What is the greatest common divisor of 3765 and 1395?
15
Calculate the greatest common divisor of 108 and 1294794.
18
What is the greatest common divisor of 4371 and 5922?
141
Calculate the greatest common factor of 246 and 13694.
82
Calculate the greatest common factor of 558 and 159402.
186
What is the highest common divisor of 380 and 2560?
20
What is the highest common factor of 384 and 11168?
32
Calculate the highest common factor of 72 and 7272.
72
What is the greatest common divisor of 102 and 112863?
51
What is the greatest common factor of 119 and 7063?
7
What is the greatest common divisor of 1056 and 204?
12
Calculate the greatest common divisor of 13293 and 696933.
1899
Calculate the highest common factor of 100 and 769350.
50
Calculate the highest common factor of 2727716 and 2888.
1444
Calculate the highest common divisor of 3071 and 138861.
37
What is the highest common divisor of 450 and 442458?
18
Calculate the greatest common factor of 295 and 118.
59
Calculate the greatest common factor of 235 and 405.
5
Calculate the highest common factor of 336 and 18186.
42
Calculate the highest common divisor of 15744 and 6.
6
What is the greatest common factor of 39304 and 1496?
136
Calculate the greatest common divisor of 915057 and 237.
237
What is the highest common factor of 2112 and 16434?
66
Calculate the highest common divisor of 342577 and 29.
29
Calculate the greatest common factor of 356 and 16636.
4
Calculate the greatest common divisor of 392680 and 24.
8
Calculate the highest common divisor of 164765 and 9567.
1063
Calculate the highest common divisor of 294 and 271054.
14
What is the highest common factor of 794000 and 3600?
400
Calculate the greatest common factor of 2758 and 99008.
14
Calculate the highest common factor of 17 and 20791.
17
Calculate the greatest common factor of 35319 and 3.
3
What is the highest common divisor of 19467 and 48513?
309
Calculate the greatest common divisor of 1544 and 15247.
193
Calculate the greatest common divisor of 168 and 9009.
21
What is the greatest common factor of 742 and 38?
2
Calculate the greatest common divisor of 429 and 162591.
429
What is the highest common divisor of 95209 and 399?
19
Calculate the highest common factor of 4082 and 2483.
13
Calculate the highest common factor of 804578 and 586.
586
What is the greatest common factor of 686158 and 22?
22
Calculate the highest common divisor of 532 and 11998.
14
What is the highest common factor of 774717 and 562?
281
Calculate the highest common factor of 1502086 and 34.
34
Calculate the greatest common divisor of 42607 and 411.
137
Calculate the highest common factor of 33966 and 527.
17
What is the greatest common divisor of 302 and 50887?
151
Calculate the greatest common factor of 2511 and 351.
27
Calculate the greatest common divisor of 14244 and 36.
12
What is the greatest common factor of 508 and 84582?
254
Calculate the highest common factor of 8158147 and 17.
17
Calculate the greatest common divisor of 98748 and 207.
9
What is the highest common divisor of 2 and 91682?
2
What is the highest common factor of 2198 and 1097116?
314
Calculate the greatest common divisor of 1525 and 93635.
305
Calculate the highest common divisor of 1825 and 136425.
25
What is the highest common divisor of 9231 and 102?
51
Calculate the greatest common factor of 98037 and 108.
27
Calculate the highest common factor of 1230 and 90.
30
What is the greatest common divisor of 450 and 180036?
18
Calculate the greatest common factor of 192 and 218052.
12
Calculate the highest common factor of 1396 and 64.
4
Calculate the highest common factor of 40900 and 7771.
409
Calculate the greatest common divisor of 9766 and 17990.
514
What is the highest common divisor of 2873 and 4563?
169
Calculate the greatest common factor of 103422 and 88.
22
What is the greatest common factor of 284380 and 32450?
590
What is the highest common factor of 2310304 and 2208?
736
Calculate the highest common factor of 1450 and 150.
50
What is the greatest common factor of 6545 and 3366?
187
Calculate the highest common divisor of 189705 and 60.
15
Calculate the greatest common divisor of 2888 and 3072.
8
Calculate the greatest common factor of 473 and 11911.
43
Calculate the highest common divisor of 34542 and 7866.
342
Calculate the highest common factor of 244404 and 146.
146
What is the greatest common factor of 20845 and 385?
55
What is the greatest common factor of 85 and 462655?
85
What is the highest common divisor of 595 and 535?
5
Calculate the greatest common factor of 135 and 21438.
27
Calculate the greatest common divisor of 2080 and 1630560.
160
What is the highest common divisor of 58 and 236872?
58
Calculate the highest common divisor of 65436 and 8.
4
Calculate the highest common divisor of 3439 and 9918.
19
Calculate the greatest common factor of 28 and 1356376.
28
What is the highest common factor of 77343 and 14?
7
Calculate the highest common factor of 1534 and 1274.
26
What is the highest common factor of 2064 and 114208?
688
Calculate the highest common divisor of 45976 and 2.
2
What is the highest common divisor of 13 and 7314749?
13
What is the highest common divisor of 151008 and 72?
24
What is the highest common divisor of 4493071 and 11?
11
What is the greatest common divisor of 105 and 5061?
21
Calculate the greatest common factor of 23318 and 17161.
131
Calculate the greatest common factor of 4816 and 952.
56
Calculate the greatest common factor of 148 and 1084988.
148
What is the greatest common divisor of 8531 and 152?
19
What is the greatest common divisor of 399 and 15519?
21
Calculate the highest common factor of 217 and 797909.
217
What is the highest common divisor of 2277 and 671?
11
Calculate the greatest common factor of 46805 and 36685.
1265
What is the greatest common factor of 57722 and 38?
38
Calculate the greatest common factor of 16 and 147484.
4
What is the greatest common divisor of 333 and 66711?
111
Calculate the greatest common factor of 448548 and 12.
12
Calculate the greatest common factor of 90770 and 580.
290
Calculate the highest common divisor of 1780 and 1014155.
445
Calculate the greatest common divisor of 181591 and 130167.
1607
Calculate the highest commo